{"version":"1.0","provider_name":"l\u00e9lek-emelget\u0151","provider_url":"https:\/\/ezoteria.cafeblog.hu","author_name":"rzso","author_url":"https:\/\/ezoteria.cafeblog.hu\/author\/rzso-3-2\/","title":"Hi\u00e1nyz\u00e1s igazol\u00e1sa","html":"<P><SPAN style=\"FONT-SIZE: 11pt; FONT-FAMILY: Verdana\">Sziasztok!<?xml:namespace prefix = o ns = \"urn:schemas-microsoft-com:office:office\" \/><o:p><\/o:p><\/SPAN><\/P>\r\n<P class=MsoNormal style=\"MARGIN: 0cm 0cm 0pt; TEXT-ALIGN: justify\"><SPAN style=\"FONT-SIZE: 11pt; FONT-FAMILY: Verdana\"><o:p>&nbsp;<\/o:p><\/SPAN><\/P>\r\n<P class=MsoNormal style=\"MARGIN: 0cm 0cm 0pt; TEXT-ALIGN: justify\"><SPAN style=\"FONT-SIZE: 11pt; FONT-FAMILY: Verdana\">Elmaradtam \u2026 elmaradtam\u2026 tudom\u2026<o:p><\/o:p><\/SPAN><\/P>\r\n<P class=MsoNormal style=\"MARGIN: 0cm 0cm 0pt; TEXT-ALIGN: justify\"><SPAN style=\"FONT-SIZE: 11pt; FONT-FAMILY: Verdana\"><o:p>&nbsp;<\/o:p><\/SPAN><\/P>\r\n<P class=MsoNormal style=\"MARGIN: 0cm 0cm 0pt; TEXT-ALIGN: justify\"><SPAN style=\"FONT-SIZE: 11pt; FONT-FAMILY: Verdana\">A saj\u00e1t \u00e9letem k\u00fczdelmeit magamnak kell megv\u00edvnom, ezt semmik\u00e9pp nem akarom r\u00e1tok terhelni \u2013 m\u00e9g inform\u00e1ci\u00f3 szinten sem.<o:p><\/o:p><\/SPAN><\/P>\r\n<P class=MsoNormal style=\"MARGIN: 0cm 0cm 0pt; TEXT-ALIGN: justify\"><SPAN style=\"FONT-SIZE: 11pt; FONT-FAMILY: Verdana\">Ezekr\u0151l teh\u00e1t itt ezen a f\u00f3rumon nem \u00edrok \u2013 elvb\u0151l, hisz van el\u00e9g h\u00edr \u00e9s olvasnival\u00f3, ami leh\u00faz \u2013 m\u00e1r aki ezeket n\u00e9zi, hallgatja, olvassa.<o:p><\/o:p><\/SPAN><\/P>\r\n<P class=MsoNormal style=\"MARGIN: 0cm 0cm 0pt; TEXT-ALIGN: justify\"><SPAN style=\"FONT-SIZE: 11pt; FONT-FAMILY: Verdana\"><o:p>&nbsp;<\/o:p><\/SPAN><\/P>\r\n<P class=MsoNormal style=\"MARGIN: 0cm 0cm 0pt; TEXT-ALIGN: justify\"><SPAN style=\"FONT-SIZE: 11pt; FONT-FAMILY: Verdana\">A sz\u00e9p gondolatok\u00e9rt j\u00f6ttem, maradn\u00e9k is e mellett, m\u00e9g ha oly ritk\u00e1n is jut energi\u00e1m mostan\u00e1ban ide bejegyz\u00e9st \u00edrni.<o:p><\/o:p><\/SPAN><\/P>\r\n<P class=MsoNormal style=\"MARGIN: 0cm 0cm 0pt; TEXT-ALIGN: justify\"><SPAN style=\"FONT-SIZE: 11pt; FONT-FAMILY: Verdana\"><o:p>&nbsp;<\/o:p><\/SPAN><\/P>\r\n<P class=MsoNormal style=\"MARGIN: 0cm 0cm 0pt; TEXT-ALIGN: justify\"><SPAN style=\"FONT-SIZE: 11pt; FONT-FAMILY: Verdana\">Ma viszont olvastam egy tal\u00e1l\u00f3 id\u00e9zetet, ami t\u00f6k\u00e9letesen megmagyar\u00e1zza hosszas t\u00e1voll\u00e9tem ok\u00e1t:<o:p><\/o:p><\/SPAN><\/P>\r\n<P class=MsoNormal style=\"MARGIN: 0cm 0cm 0pt; TEXT-ALIGN: justify\"><SPAN style=\"FONT-SIZE: 11pt; FONT-FAMILY: Verdana\"><o:p>&nbsp;<\/o:p><\/SPAN><\/P>\r\n<P class=MsoNormal style=\"MARGIN: 0cm 0cm 0pt; TEXT-ALIGN: justify\"><B><SPAN style=\"FONT-SIZE: 11pt; FONT-FAMILY: Verdana\"><SPAN style=\"COLOR: #ff0000\">\"Az \u00e9let nem arr\u00f3l sz\u00f3l, hogy v\u00e1rjuk a vihar elvonul\u00e1s\u00e1t, hanem arr\u00f3l hogy megtanuljuk, hogyan kell t\u00e1ncolni az es\u0151ben.\"<\/SPAN><o:p><\/o:p><\/SPAN><\/B><\/P>\r\n<P class=MsoNormal style=\"MARGIN: 0cm 0cm 0pt; TEXT-ALIGN: justify\"><B><SPAN style=\"FONT-SIZE: 11pt; FONT-FAMILY: Verdana\"><o:p><SPAN style=\"COLOR: #ff0000\">&nbsp;<\/SPAN><\/o:p><\/SPAN><\/B><\/P>\r\n<P class=MsoNormal style=\"MARGIN: 0cm 0cm 0pt; TEXT-ALIGN: justify\"><SPAN style=\"FONT-SIZE: 11pt; FONT-FAMILY: Verdana; mso-bidi-font-weight: bold\">Nos, szeretettel k\u00f6zl\u00f6m veletek, hogy jelenleg \u00e9pp t\u00e1nctanfolyamon vagyok!<o:p><\/o:p><\/SPAN><\/P>\r\n<P class=MsoNormal style=\"MARGIN: 0cm 0cm 0pt; TEXT-ALIGN: justify\"><SPAN style=\"FONT-SIZE: 11pt; FONT-FAMILY: Verdana; mso-bidi-font-weight: bold\"><o:p>&nbsp;<\/o:p><\/SPAN><\/P>\r\n<P class=MsoNormal style=\"MARGIN: 0cm 0cm 0pt; TEXT-ALIGN: justify\"><SPAN style=\"FONT-SIZE: 11pt; FONT-FAMILY: Verdana; mso-bidi-font-weight: bold\">Teh\u00e1t hivatalosan ez \u00edgy n\u00e9z ki:<o:p><\/o:p><\/SPAN><\/P>\r\n<P class=MsoNormal style=\"MARGIN: 0cm 0cm 0pt; TEXT-ALIGN: justify\"><SPAN style=\"FONT-SIZE: 11pt; FONT-FAMILY: Verdana; mso-bidi-font-weight: bold\"><o:p>&nbsp;<\/o:p><\/SPAN><\/P>\r\n<P class=MsoNormal style=\"MARGIN: 0cm 0cm 0pt; TEXT-ALIGN: justify\"><B><SPAN style=\"FONT-SIZE: 11pt; COLOR: #993300; FONT-FAMILY: Verdana\"><EM>Igazol\u00e1s<o:p><\/o:p><\/EM><\/SPAN><\/B><\/P>\r\n<P class=MsoNormal style=\"MARGIN: 0cm 0cm 0pt; TEXT-ALIGN: justify\"><B><SPAN style=\"FONT-SIZE: 11pt; COLOR: #993300; FONT-FAMILY: Verdana\"><o:p><EM>&nbsp;<\/EM><\/o:p><\/SPAN><\/B><\/P>\r\n<P class=MsoNormal style=\"MARGIN: 0cm 0cm 0pt; TEXT-ALIGN: justify\"><B><SPAN style=\"FONT-SIZE: 11pt; COLOR: #993300; FONT-FAMILY: Verdana\"><EM>Alul\u00edrott nyilatkozom, hogy rzso nev\u0171 blogger t\u00e1nctanfolyamon val\u00f3 r\u00e9szv\u00e9tel miatt a blog ter\u00fclet\u00e9r\u0151l igazoltan hi\u00e1nyzik.<o:p><\/o:p><\/EM><\/SPAN><\/B><\/P>\r\n<P class=MsoNormal style=\"MARGIN: 0cm 0cm 0pt; TEXT-ALIGN: justify\"><B><SPAN style=\"FONT-SIZE: 11pt; COLOR: #993300; FONT-FAMILY: Verdana\"><o:p>&nbsp;<\/o:p><\/SPAN><\/B><\/P>\r\n<P class=MsoNormal style=\"MARGIN: 0cm 0cm 0pt; TEXT-ALIGN: justify\"><B><SPAN style=\"FONT-SIZE: 11pt; COLOR: #993300; FONT-FAMILY: Verdana\"><SPAN style=\"mso-spacerun: yes\">&nbsp;&nbsp;&nbsp;&nbsp;&nbsp;&nbsp;&nbsp;&nbsp;&nbsp;&nbsp;&nbsp;&nbsp;&nbsp;&nbsp;&nbsp;&nbsp;&nbsp;&nbsp;&nbsp;&nbsp;&nbsp;&nbsp;&nbsp;&nbsp;&nbsp;&nbsp;&nbsp;&nbsp;&nbsp; <\/SPAN><SPAN style=\"mso-spacerun: yes\">&nbsp;&nbsp;&nbsp;&nbsp;&nbsp;&nbsp;&nbsp;&nbsp;&nbsp;&nbsp;&nbsp;&nbsp;&nbsp;&nbsp;&nbsp;&nbsp;&nbsp;&nbsp;&nbsp;&nbsp;&nbsp;&nbsp;&nbsp;&nbsp;&nbsp;&nbsp;&nbsp;&nbsp;&nbsp;&nbsp;&nbsp;&nbsp;&nbsp;&nbsp;&nbsp;<\/SPAN><SPAN style=\"mso-spacerun: yes\">&nbsp;&nbsp;&nbsp;<EM>&nbsp; <\/EM><\/SPAN><EM>Az \u00c9let<o:p><\/o:p><\/EM><\/SPAN><\/B><\/P>\r\n<P><\/P>","type":"rich"}

lélek-emelgető

Hiányzás igazolása

<P><SPAN style="FONT-SIZE: 11pt; FONT-FAMILY: Verdana">Sziasztok!<?xml:namespace prefix = o ns = "urn:schemas-microsoft-com:office:office" /><o:p></o:p></SPAN></P>
<P class=MsoNormal style="MARGIN: 0cm 0cm 0pt; TEXT-ALIGN: justify"><SPAN style="FONT-SIZE: 11pt; FONT-FAMILY: Verdana"><o:p>&nbsp;</o:p></SPAN></P>
<P class=MsoNormal style="MARGIN: 0cm 0cm 0pt; TEXT-ALIGN: justify"><SPAN style="FONT-SIZE: 11pt; FONT-FAMILY: Verdana">Elmaradtam … elmaradtam… tudom…<o:p></o:p></SPAN></P>
<P class=MsoNormal style="MARGIN: 0cm 0cm 0pt; TEXT-ALIGN: justify"><SPAN style="FONT-SIZE: 11pt; FONT-FAMILY: Verdana"><o:p>&nbsp;</o:p></SPAN></P>
<P class=MsoNormal style="MARGIN: 0cm 0cm 0pt; TEXT-ALIGN: justify"><SPAN style="FONT-SIZE: 11pt; FONT-FAMILY: Verdana">A saját életem küzdelmeit magamnak kell megvívnom, ezt semmiképp nem akarom rátok terhelni – még információ szinten sem.<o:p></o:p></SPAN></P>
<P class=MsoNormal style="MARGIN: 0cm 0cm 0pt; TEXT-ALIGN: justify"><SPAN style="FONT-SIZE: 11pt; FONT-FAMILY: Verdana">Ezekről tehát itt ezen a fórumon nem írok – elvből, hisz van elég hír és olvasnivaló, ami lehúz – már aki ezeket nézi, hallgatja, olvassa.<o:p></o:p></SPAN></P>
<P class=MsoNormal style="MARGIN: 0cm 0cm 0pt; TEXT-ALIGN: justify"><SPAN style="FONT-SIZE: 11pt; FONT-FAMILY: Verdana"><o:p>&nbsp;</o:p></SPAN></P>
<P class=MsoNormal style="MARGIN: 0cm 0cm 0pt; TEXT-ALIGN: justify"><SPAN style="FONT-SIZE: 11pt; FONT-FAMILY: Verdana">A szép gondolatokért jöttem, maradnék is e mellett, még ha oly ritkán is jut energiám mostanában ide bejegyzést írni.<o:p></o:p></SPAN></P>
<P class=MsoNormal style="MARGIN: 0cm 0cm 0pt; TEXT-ALIGN: justify"><SPAN style="FONT-SIZE: 11pt; FONT-FAMILY: Verdana"><o:p>&nbsp;</o:p></SPAN></P>
<P class=MsoNormal style="MARGIN: 0cm 0cm 0pt; TEXT-ALIGN: justify"><SPAN style="FONT-SIZE: 11pt; FONT-FAMILY: Verdana">Ma viszont olvastam egy találó idézetet, ami tökéletesen megmagyarázza hosszas távollétem okát:<o:p></o:p></SPAN></P>
<P class=MsoNormal style="MARGIN: 0cm 0cm 0pt; TEXT-ALIGN: justify"><SPAN style="FONT-SIZE: 11pt; FONT-FAMILY: Verdana"><o:p>&nbsp;</o:p></SPAN></P>
<P class=MsoNormal style="MARGIN: 0cm 0cm 0pt; TEXT-ALIGN: justify"><B><SPAN style="FONT-SIZE: 11pt; FONT-FAMILY: Verdana"><SPAN style="COLOR: #ff0000">"Az élet nem arról szól, hogy várjuk a vihar elvonulását, hanem arról hogy megtanuljuk, hogyan kell táncolni az esőben."</SPAN><o:p></o:p></SPAN></B></P>
<P class=MsoNormal style="MARGIN: 0cm 0cm 0pt; TEXT-ALIGN: justify"><B><SPAN style="FONT-SIZE: 11pt; FONT-FAMILY: Verdana"><o:p><SPAN style="COLOR: #ff0000">&nbsp;</SPAN></o:p></SPAN></B></P>
<P class=MsoNormal style="MARGIN: 0cm 0cm 0pt; TEXT-ALIGN: justify"><SPAN style="FONT-SIZE: 11pt; FONT-FAMILY: Verdana; mso-bidi-font-weight: bold">Nos, szeretettel közlöm veletek, hogy jelenleg épp tánctanfolyamon vagyok!<o:p></o:p></SPAN></P>
<P class=MsoNormal style="MARGIN: 0cm 0cm 0pt; TEXT-ALIGN: justify"><SPAN style="FONT-SIZE: 11pt; FONT-FAMILY: Verdana; mso-bidi-font-weight: bold"><o:p>&nbsp;</o:p></SPAN></P>
<P class=MsoNormal style="MARGIN: 0cm 0cm 0pt; TEXT-ALIGN: justify"><SPAN style="FONT-SIZE: 11pt; FONT-FAMILY: Verdana; mso-bidi-font-weight: bold">Tehát hivatalosan ez így néz ki:<o:p></o:p></SPAN></P>
<P class=MsoNormal style="MARGIN: 0cm 0cm 0pt; TEXT-ALIGN: justify"><SPAN style="FONT-SIZE: 11pt; FONT-FAMILY: Verdana; mso-bidi-font-weight: bold"><o:p>&nbsp;</o:p></SPAN></P>
<P class=MsoNormal style="MARGIN: 0cm 0cm 0pt; TEXT-ALIGN: justify"><B><SPAN style="FONT-SIZE: 11pt; COLOR: #993300; FONT-FAMILY: Verdana"><EM>Igazolás<o:p></o:p></EM></SPAN></B></P>
<P class=MsoNormal style="MARGIN: 0cm 0cm 0pt; TEXT-ALIGN: justify"><B><SPAN style="FONT-SIZE: 11pt; COLOR: #993300; FONT-FAMILY: Verdana"><o:p><EM>&nbsp;</EM></o:p></SPAN></B></P>
<P class=MsoNormal style="MARGIN: 0cm 0cm 0pt; TEXT-ALIGN: justify"><B><SPAN style="FONT-SIZE: 11pt; COLOR: #993300; FONT-FAMILY: Verdana"><EM>Alulírott nyilatkozom, hogy rzso nevű blogger tánctanfolyamon való részvétel miatt a blog területéről igazoltan hiányzik.<o:p></o:p></EM></SPAN></B></P>
<P class=MsoNormal style="MARGIN: 0cm 0cm 0pt; TEXT-ALIGN: justify"><B><SPAN style="FONT-SIZE: 11pt; COLOR: #993300; FONT-FAMILY: Verdana"><o:p>&nbsp;</o:p></SPAN></B></P>
<P class=MsoNormal style="MARGIN: 0cm 0cm 0pt; TEXT-ALIGN: justify"><B><SPAN style="FONT-SIZE: 11pt; COLOR: #993300; FONT-FAMILY: Verdana"><SPAN style="mso-spacerun: yes">&nbsp;&nbsp;&nbsp;&nbsp;&nbsp;&nbsp;&nbsp;&nbsp;&nbsp;&nbsp;&nbsp;&nbsp;&nbsp;&nbsp;&nbsp;&nbsp;&nbsp;&nbsp;&nbsp;&nbsp;&nbsp;&nbsp;&nbsp;&nbsp;&nbsp;&nbsp;&nbsp;&nbsp;&nbsp; </SPAN><SPAN style="mso-spacerun: yes">&nbsp;&nbsp;&nbsp;&nbsp;&nbsp;&nbsp;&nbsp;&nbsp;&nbsp;&nbsp;&nbsp;&nbsp;&nbsp;&nbsp;&nbsp;&nbsp;&nbsp;&nbsp;&nbsp;&nbsp;&nbsp;&nbsp;&nbsp;&nbsp;&nbsp;&nbsp;&nbsp;&nbsp;&nbsp;&nbsp;&nbsp;&nbsp;&nbsp;&nbsp;&nbsp;</SPAN><SPAN style="mso-spacerun: yes">&nbsp;&nbsp;&nbsp;<EM>&nbsp; </EM></SPAN><EM>Az Élet<o:p></o:p></EM></SPAN></B></P>
<P></P>
