{"version":"1.0","provider_name":"l\u00e9lek-emelget\u0151","provider_url":"https:\/\/ezoteria.cafeblog.hu","author_name":"rzso","author_url":"https:\/\/ezoteria.cafeblog.hu\/author\/rzso-3-2\/","title":"Hogy j\u00f6n l\u00e9tre egy paradigma?","html":"<P class=MsoNormal style=\"MARGIN: 0cm 0cm 0pt; TEXT-ALIGN: justify\"><SPAN style=\"FONT-SIZE: 10pt; FONT-FAMILY: Verdana\"><?xml:namespace prefix = o ns = \"urn:schemas-microsoft-com:office:office\" \/><o:p>Igaz-e, vagy csak egy tanmese? Ki tudja. A l\u00e9nyeg szempontj\u00e1b\u00f3l ennek nincs is jelent\u0151s\u00e9ge.<\/o:p><\/SPAN><\/P>\r\n<P class=MsoNormal style=\"MARGIN: 0cm 0cm 0pt; TEXT-ALIGN: justify\"><SPAN style=\"FONT-SIZE: 10pt; FONT-FAMILY: Verdana\"><\/SPAN>&nbsp;<\/P>\r\n<P class=MsoNormal style=\"MARGIN: 0cm 0cm 0pt; TEXT-ALIGN: justify\"><SPAN style=\"FONT-SIZE: 10pt; FONT-FAMILY: Verdana\">Tud\u00f3sok \u00f6sszehoztak 5 majmot egy ketrecben, k\u00f6z\u00e9pen ler\u00f6gz\u00edtettek egy l\u00e9tr\u00e1t \u00e9s annak tetej\u00e9re ban\u00e1nokat tettek.<o:p><\/o:p><\/SPAN><\/P>\r\n<P class=MsoNormal style=\"MARGIN: 0cm 0cm 0pt; TEXT-ALIGN: justify\"><SPAN style=\"FONT-SIZE: 10pt; FONT-FAMILY: Verdana\">Minden alkalommal, amikor egy majom a l\u00e9tr\u00e1ra m\u00e1szott, a tud\u00f3sok a t\u00f6bbi majmot hideg v\u00edzzel spriccelt\u00e9k le.<o:p><\/o:p><\/SPAN><\/P>\r\n<P class=MsoNormal style=\"MARGIN: 0cm 0cm 0pt; TEXT-ALIGN: justify\"><SPAN style=\"FONT-SIZE: 10pt; FONT-FAMILY: Verdana\">Egy id\u0151 m\u00falva elkezdt\u00e9k elverni a majmok azt, aki k\u00f6z\u00fcl\u00fck a l\u00e9tr\u00e1ra kezdett m\u00e1szni.<o:p><\/o:p><\/SPAN><\/P>\r\n<P class=MsoNormal style=\"MARGIN: 0cm 0cm 0pt; TEXT-ALIGN: justify\"><SPAN style=\"FONT-SIZE: 10pt; FONT-FAMILY: Verdana\">Nem tartott sok\u00e1ig, hogy a majmok k\u00f6z\u00fcl m\u00e1r egyetlen majom sem mert a l\u00e9tr\u00e1ra m\u00e1szni, lett l\u00e9gyen b\u00e1rmilyen nagy is a k\u00eds\u00e9rt\u00e9s.<o:p><\/o:p><\/SPAN><\/P>\r\n<P class=MsoNormal style=\"MARGIN: 0cm 0cm 0pt; TEXT-ALIGN: justify\"><SPAN style=\"FONT-SIZE: 10pt; FONT-FAMILY: Verdana\"><o:p>&nbsp;<\/o:p><\/SPAN><\/P>\r\n<P class=MsoNormal style=\"MARGIN: 0cm 0cm 0pt; TEXT-ALIGN: justify\"><SPAN style=\"FONT-SIZE: 10pt; FONT-FAMILY: Verdana\">Akkor egy majmot kicser\u00e9ltek a tud\u00f3sok.<o:p><\/o:p><\/SPAN><\/P>\r\n<P class=MsoNormal style=\"MARGIN: 0cm 0cm 0pt; TEXT-ALIGN: justify\"><SPAN style=\"FONT-SIZE: 10pt; FONT-FAMILY: Verdana\"><o:p>&nbsp;<\/o:p><\/SPAN><\/P>\r\n<P class=MsoNormal style=\"MARGIN: 0cm 0cm 0pt; TEXT-ALIGN: justify\"><SPAN style=\"FONT-SIZE: 10pt; FONT-FAMILY: Verdana\">Az \u00faj majom term\u00e9szetesen r\u00f6gt\u00f6n \u00e9szrevette a ban\u00e1nokat \u00e9s felm\u00e1szott a l\u00e9tr\u00e1n.<o:p><\/o:p><\/SPAN><\/P>\r\n<P class=MsoNormal style=\"MARGIN: 0cm 0cm 0pt; TEXT-ALIGN: justify\"><SPAN style=\"FONT-SIZE: 10pt; FONT-FAMILY: Verdana\">R\u00f6gt\u00f6n \u00f6ssze is vert\u00e9k a t\u00f6bbiek.<o:p><\/o:p><\/SPAN><\/P>\r\n<P class=MsoNormal style=\"MARGIN: 0cm 0cm 0pt; TEXT-ALIGN: justify\"><SPAN style=\"FONT-SIZE: 10pt; FONT-FAMILY: Verdana\">Miut\u00e1n p\u00e1rszor \u00f6sszevert\u00e9k, az \u00faj tag is megtanulta, hogy ne m\u00e1sszon a l\u00e9tr\u00e1ra, b\u00e1r nem tudta, hogy mi\u00e9rt.<o:p><\/o:p><\/SPAN><\/P>\r\n<P class=MsoNormal style=\"MARGIN: 0cm 0cm 0pt; TEXT-ALIGN: justify\"><SPAN style=\"FONT-SIZE: 10pt; FONT-FAMILY: Verdana\"><o:p>&nbsp;<\/o:p><\/SPAN><\/P>\r\n<P class=MsoNormal style=\"MARGIN: 0cm 0cm 0pt; TEXT-ALIGN: justify\"><SPAN style=\"FONT-SIZE: 10pt; FONT-FAMILY: Verdana\">Egy m\u00e1sodik majmot is kicser\u00e9ltek, \u0151t is ler\u00e1ngatt\u00e1k a l\u00e9tr\u00e1r\u00f3l \u00e9s megvert\u00e9k.<o:p><\/o:p><\/SPAN><\/P>\r\n<P class=MsoNormal style=\"MARGIN: 0cm 0cm 0pt; TEXT-ALIGN: justify\"><SPAN style=\"FONT-SIZE: 10pt; FONT-FAMILY: Verdana\">Az el\u0151z\u0151leg lecser\u00e9lt majom is verte a t\u00f6bbiekkel egy\u00fctt.<o:p><\/o:p><\/SPAN><\/P>\r\n<P class=MsoNormal style=\"MARGIN: 0cm 0cm 0pt; TEXT-ALIGN: justify\"><SPAN style=\"FONT-SIZE: 10pt; FONT-FAMILY: Verdana\"><o:p>&nbsp;<\/o:p><\/SPAN><\/P>\r\n<P class=MsoNormal style=\"MARGIN: 0cm 0cm 0pt; TEXT-ALIGN: justify\"><SPAN style=\"FONT-SIZE: 10pt; FONT-FAMILY: Verdana\">Apr\u00e1nk\u00e9nt mind az \u00f6t majmot lecser\u00e9lt\u00e9k \u00e9s mindegyikkel ugyanaz t\u00f6rt\u00e9nt.<o:p><\/o:p><\/SPAN><\/P>\r\n<P class=MsoNormal style=\"MARGIN: 0cm 0cm 0pt; TEXT-ALIGN: justify\"><SPAN style=\"FONT-SIZE: 10pt; FONT-FAMILY: Verdana\"><o:p>&nbsp;<\/o:p><\/SPAN><\/P>\r\n<P class=MsoNormal style=\"MARGIN: 0cm 0cm 0pt; TEXT-ALIGN: justify\"><SPAN style=\"FONT-SIZE: 10pt; FONT-FAMILY: Verdana\">V\u00e9g\u00fcl volt \u00f6t majom a ketrecben, akik mindenkit \u00f6sszevertek, aki a l\u00e9tr\u00e1ra pr\u00f3b\u00e1lt m\u00e1szni, noha egyik\u00fcket sem spriccelt\u00e9k le soha.<o:p><\/o:p><\/SPAN><\/P>\r\n<P class=MsoNormal style=\"MARGIN: 0cm 0cm 0pt; TEXT-ALIGN: justify\"><SPAN style=\"FONT-SIZE: 10pt; FONT-FAMILY: Verdana\"><o:p>&nbsp;<\/o:p><\/SPAN><\/P>\r\n<P class=MsoNormal style=\"MARGIN: 0cm 0cm 0pt; TEXT-ALIGN: justify\"><SPAN style=\"FONT-SIZE: 10pt; FONT-FAMILY: Verdana\">\u2026 fent pedig megrohadtak a ban\u00e1nok.<o:p><\/o:p><\/SPAN><\/P>\r\n<P class=MsoNormal style=\"MARGIN: 0cm 0cm 0pt; TEXT-ALIGN: justify\"><SPAN style=\"FONT-SIZE: 10pt; FONT-FAMILY: Verdana\"><o:p>&nbsp;<\/o:p><\/SPAN><\/P>\r\n<P class=MsoNormal style=\"MARGIN: 0cm 0cm 0pt; TEXT-ALIGN: justify\"><SPAN style=\"FONT-SIZE: 10pt; FONT-FAMILY: Verdana\">Ha meg tudn\u00e1nk k\u00e9rdezni a majmokat, hogy mi\u00e9rt verik meg , aki a l\u00e9tr\u00e1ra m\u00e1szik, fogadok, ilyesmi lenne a v\u00e1lasz: \u201eFogalmam sincs!\u201d \u201eItt \u00edgy szok\u00e1s.\u201d<o:p><\/o:p><\/SPAN><\/P>\r\n<P class=MsoNormal style=\"MARGIN: 0cm 0cm 0pt; TEXT-ALIGN: justify\"><SPAN style=\"FONT-SIZE: 10pt; FONT-FAMILY: Verdana\"><o:p>&nbsp;<\/o:p><\/SPAN><\/P>\r\n<P class=MsoNormal style=\"MARGIN: 0cm 0cm 0pt; TEXT-ALIGN: justify\"><SPAN style=\"FONT-SIZE: 10pt; FONT-FAMILY: Verdana\">Nem ismer\u0151s?<o:p><\/o:p><\/SPAN><\/P>\r\n<P class=MsoNormal style=\"MARGIN: 0cm 0cm 0pt; TEXT-ALIGN: justify\"><SPAN style=\"FONT-SIZE: 10pt; FONT-FAMILY: Verdana\"><o:p>&nbsp;<\/o:p><\/SPAN><\/P>\r\n<P class=MsoNormal style=\"MARGIN: 0cm 0cm 0pt; TEXT-ALIGN: justify\"><B style=\"mso-bidi-font-weight: normal\"><SPAN style=\"FONT-SIZE: 10pt; FONT-FAMILY: Verdana\">Tal\u00e1n m\u00e1sban is felmer\u00fcl a k\u00e9rd\u00e9s, mi\u00e9rt tesz\u00fcnk valamit mindig egyf\u00e9le m\u00f3don, noha l\u00e9teznek m\u00e1s, sokkal jobb megold\u00e1sok is.<o:p><\/o:p><\/SPAN><\/B><\/P>\r\n<P><\/P>","type":"rich"}

lélek-emelgető

Hogy jön létre egy paradigma?

<P class=MsoNormal style="MARGIN: 0cm 0cm 0pt; TEXT-ALIGN: justify"><SPAN style="FONT-SIZE: 10pt; FONT-FAMILY: Verdana"><?xml:namespace prefix = o ns = "urn:schemas-microsoft-com:office:office" /><o:p>Igaz-e, vagy csak egy tanmese? Ki tudja. A lényeg szempontjából ennek nincs is jelentősége.</o:p></SPAN></P>
<P class=MsoNormal style="MARGIN: 0cm 0cm 0pt; TEXT-ALIGN: justify"><SPAN style="FONT-SIZE: 10pt; FONT-FAMILY: Verdana"></SPAN>&nbsp;</P>
<P class=MsoNormal style="MARGIN: 0cm 0cm 0pt; TEXT-ALIGN: justify"><SPAN style="FONT-SIZE: 10pt; FONT-FAMILY: Verdana">Tudósok összehoztak 5 majmot egy ketrecben, középen lerögzítettek egy létrát és annak tetejére banánokat tettek.<o:p></o:p></SPAN></P>
<P class=MsoNormal style="MARGIN: 0cm 0cm 0pt; TEXT-ALIGN: justify"><SPAN style="FONT-SIZE: 10pt; FONT-FAMILY: Verdana">Minden alkalommal, amikor egy majom a létrára mászott, a tudósok a többi majmot hideg vízzel spriccelték le.<o:p></o:p></SPAN></P>
<P class=MsoNormal style="MARGIN: 0cm 0cm 0pt; TEXT-ALIGN: justify"><SPAN style="FONT-SIZE: 10pt; FONT-FAMILY: Verdana">Egy idő múlva elkezdték elverni a majmok azt, aki közülük a létrára kezdett mászni.<o:p></o:p></SPAN></P>
<P class=MsoNormal style="MARGIN: 0cm 0cm 0pt; TEXT-ALIGN: justify"><SPAN style="FONT-SIZE: 10pt; FONT-FAMILY: Verdana">Nem tartott sokáig, hogy a majmok közül már egyetlen majom sem mert a létrára mászni, lett légyen bármilyen nagy is a kísértés.<o:p></o:p></SPAN></P>
<P class=MsoNormal style="MARGIN: 0cm 0cm 0pt; TEXT-ALIGN: justify"><SPAN style="FONT-SIZE: 10pt; FONT-FAMILY: Verdana"><o:p>&nbsp;</o:p></SPAN></P>
<P class=MsoNormal style="MARGIN: 0cm 0cm 0pt; TEXT-ALIGN: justify"><SPAN style="FONT-SIZE: 10pt; FONT-FAMILY: Verdana">Akkor egy majmot kicseréltek a tudósok.<o:p></o:p></SPAN></P>
<P class=MsoNormal style="MARGIN: 0cm 0cm 0pt; TEXT-ALIGN: justify"><SPAN style="FONT-SIZE: 10pt; FONT-FAMILY: Verdana"><o:p>&nbsp;</o:p></SPAN></P>
<P class=MsoNormal style="MARGIN: 0cm 0cm 0pt; TEXT-ALIGN: justify"><SPAN style="FONT-SIZE: 10pt; FONT-FAMILY: Verdana">Az új majom természetesen rögtön észrevette a banánokat és felmászott a létrán.<o:p></o:p></SPAN></P>
<P class=MsoNormal style="MARGIN: 0cm 0cm 0pt; TEXT-ALIGN: justify"><SPAN style="FONT-SIZE: 10pt; FONT-FAMILY: Verdana">Rögtön össze is verték a többiek.<o:p></o:p></SPAN></P>
<P class=MsoNormal style="MARGIN: 0cm 0cm 0pt; TEXT-ALIGN: justify"><SPAN style="FONT-SIZE: 10pt; FONT-FAMILY: Verdana">Miután párszor összeverték, az új tag is megtanulta, hogy ne másszon a létrára, bár nem tudta, hogy miért.<o:p></o:p></SPAN></P>
<P class=MsoNormal style="MARGIN: 0cm 0cm 0pt; TEXT-ALIGN: justify"><SPAN style="FONT-SIZE: 10pt; FONT-FAMILY: Verdana"><o:p>&nbsp;</o:p></SPAN></P>
<P class=MsoNormal style="MARGIN: 0cm 0cm 0pt; TEXT-ALIGN: justify"><SPAN style="FONT-SIZE: 10pt; FONT-FAMILY: Verdana">Egy második majmot is kicseréltek, őt is lerángatták a létráról és megverték.<o:p></o:p></SPAN></P>
<P class=MsoNormal style="MARGIN: 0cm 0cm 0pt; TEXT-ALIGN: justify"><SPAN style="FONT-SIZE: 10pt; FONT-FAMILY: Verdana">Az előzőleg lecserélt majom is verte a többiekkel együtt.<o:p></o:p></SPAN></P>
<P class=MsoNormal style="MARGIN: 0cm 0cm 0pt; TEXT-ALIGN: justify"><SPAN style="FONT-SIZE: 10pt; FONT-FAMILY: Verdana"><o:p>&nbsp;</o:p></SPAN></P>
<P class=MsoNormal style="MARGIN: 0cm 0cm 0pt; TEXT-ALIGN: justify"><SPAN style="FONT-SIZE: 10pt; FONT-FAMILY: Verdana">Apránként mind az öt majmot lecserélték és mindegyikkel ugyanaz történt.<o:p></o:p></SPAN></P>
<P class=MsoNormal style="MARGIN: 0cm 0cm 0pt; TEXT-ALIGN: justify"><SPAN style="FONT-SIZE: 10pt; FONT-FAMILY: Verdana"><o:p>&nbsp;</o:p></SPAN></P>
<P class=MsoNormal style="MARGIN: 0cm 0cm 0pt; TEXT-ALIGN: justify"><SPAN style="FONT-SIZE: 10pt; FONT-FAMILY: Verdana">Végül volt öt majom a ketrecben, akik mindenkit összevertek, aki a létrára próbált mászni, noha egyiküket sem spriccelték le soha.<o:p></o:p></SPAN></P>
<P class=MsoNormal style="MARGIN: 0cm 0cm 0pt; TEXT-ALIGN: justify"><SPAN style="FONT-SIZE: 10pt; FONT-FAMILY: Verdana"><o:p>&nbsp;</o:p></SPAN></P>
<P class=MsoNormal style="MARGIN: 0cm 0cm 0pt; TEXT-ALIGN: justify"><SPAN style="FONT-SIZE: 10pt; FONT-FAMILY: Verdana">… fent pedig megrohadtak a banánok.<o:p></o:p></SPAN></P>
<P class=MsoNormal style="MARGIN: 0cm 0cm 0pt; TEXT-ALIGN: justify"><SPAN style="FONT-SIZE: 10pt; FONT-FAMILY: Verdana"><o:p>&nbsp;</o:p></SPAN></P>
<P class=MsoNormal style="MARGIN: 0cm 0cm 0pt; TEXT-ALIGN: justify"><SPAN style="FONT-SIZE: 10pt; FONT-FAMILY: Verdana">Ha meg tudnánk kérdezni a majmokat, hogy miért verik meg , aki a létrára mászik, fogadok, ilyesmi lenne a válasz: „Fogalmam sincs!” „Itt így szokás.”<o:p></o:p></SPAN></P>
<P class=MsoNormal style="MARGIN: 0cm 0cm 0pt; TEXT-ALIGN: justify"><SPAN style="FONT-SIZE: 10pt; FONT-FAMILY: Verdana"><o:p>&nbsp;</o:p></SPAN></P>
<P class=MsoNormal style="MARGIN: 0cm 0cm 0pt; TEXT-ALIGN: justify"><SPAN style="FONT-SIZE: 10pt; FONT-FAMILY: Verdana">Nem ismerős?<o:p></o:p></SPAN></P>
<P class=MsoNormal style="MARGIN: 0cm 0cm 0pt; TEXT-ALIGN: justify"><SPAN style="FONT-SIZE: 10pt; FONT-FAMILY: Verdana"><o:p>&nbsp;</o:p></SPAN></P>
<P class=MsoNormal style="MARGIN: 0cm 0cm 0pt; TEXT-ALIGN: justify"><B style="mso-bidi-font-weight: normal"><SPAN style="FONT-SIZE: 10pt; FONT-FAMILY: Verdana">Talán másban is felmerül a kérdés, miért teszünk valamit mindig egyféle módon, noha léteznek más, sokkal jobb megoldások is.<o:p></o:p></SPAN></B></P>
<P></P>
